 (base 2) to base 9.
7
What is 13 (base 7) in base 16?
a
Convert 111010 (base 2) to base 12.
4a
What is -44 (base 7) in base 9?
-35
What is 1 (base 2) in base 7?
1
Convert 3 (base 11) to base 3.
10
Convert 39 (base 14) to base 15.
36
-1 (base 5) to base 12
-1
What is -28 (base 14) in base 13?
-2a
110 (base 2) to base 14
6
What is -4 (base 5) in base 7?
-4
-181 (base 12) to base 2
-11110001
45 (base 16) to base 9
76
Convert -11010 (base 2) to base 11.
-24
What is 3 (base 16) in base 14?
3
What is 6 (base 9) in base 11?
6
What is 0 (base 16) in base 2?
0
Convert 21 (base 13) to base 4.
123
What is -24 (base 13) in base 7?
-42
What is -23 (base 4) in base 14?
-b
What is -1 (base 3) in base 15?
-1
5 (base 12) to base 9
5
-40 (base 12) to base 2
-110000
What is -d (base 14) in base 3?
-111
-125 (base 10) to base 9
-148
2c (base 16) to base 14
32
Convert 22 (base 11) to base 14.
1a
-93 (base 10) to base 15
-63
Convert -21 (base 3) to base 8.
-7
What is 2 (base 9) in base 2?
10
-44 (base 5) to base 13
-1b
What is 21 (base 4) in base 14?
9
5 (base 8) to base 5
10
0 (base 4) to base 8
0
What is 1 (base 7) in base 2?
1
Convert 2 (base 16) to base 9.
2
2 (base 5) to base 7
2
What is -d (base 14) in base 5?
-23
Convert 21 (base 7) to base 5.
30
6 (base 15) to base 11
6
What is 74 (base 11) in base 10?
81
-543 (base 7) to base 5
-2101
What is 0 (base 7) in base 13?
0
Convert 41 (base 7) to base 10.
29
Convert -10 (base 7) to base 4.
-13
-4 (base 11) to base 14
-4
What is 73 (base 13) in base 11?
86
-24 (base 6) to base 9
-17
4 (base 10) to base 6
4
Convert 222 (base 4) to base 16.
2a
-8 (base 14) to base 11
-8
Convert 414 (base 5) to base 9.
131
Convert 69 (base 12) to base 4.
1101
Convert 1 (base 15) to base 6.
1
-2 (base 11) to base 3
-2
What is 135 (base 8) in base 10?
93
What is d (base 14) in base 4?
31
-13 (base 11) to base 12
-12
Convert -9 (base 16) to base 7.
-12
Convert 10202 (base 3) to base 2.
1100101
What is -194 (base 16) in base 11?
-338
What is 32 (base 4) in base 12?
12
Convert 35 (base 6) to base 13.
1a
What is 25 (base 9) in base 5?
43
What is -10 (base 5) in base 3?
-12
10 (base 11) to base 2
1011
253 (base 9) to base 4
3102
68 (base 14) to base 10
92
What is 1 (base 16) in base 6?
1
1101 (base 2) to base 3
111
Convert -42 (base 12) to base 15.
-35
What is 10100100 (base 2) in base 16?
a4
Convert -dd (base 15) to base 9.
-251
15 (base 15) to base 2
10100
-3 (base 13) to base 4
-3
What is 23 (base 6) in base 14?
11
11 (base 2) to base 13
3
What is -1 (base 16) in base 7?
-1
Convert -13 (base 7) to base 4.
-22
-b (base 13) to base 16
-b
-1 (base 8) to base 15
-1
Convert -6 (base 15) to base 6.
-10
Convert -1 (base 5) to base 15.
-1
Convert b (base 14) to base 7.
14
What is -3 (base 9) in base 3?
-10
3 (base 12) to base 16
3
4 (base 12) to base 11
4
Convert 21 (base 4) to base 11.
9
Convert 71 (base 11) to base 3.
2220
-b (base 12) to base 14
-b
-3 (base 7) to base 9
-3
What is -11 (base 15) in base 9?
-17
-1000111 (base 2) to base 6
-155
Convert 3 (base 13) to base 15.
3
What is -11 (base 10) in base 6?
-15
What is 10 (base 5) in base 15?
5
What is 5b (base 14) in base 11?
74
112 (base 3) to base 11
13
What is 21 (base 14) in base 6?
45
What is 6 (base 15) in base 3?
20
-15 (base 16) to base 11
-1a
What is 6 (base 12) in base 13?
6
Convert 135 (base 10) to base 11.
113
-1114 (base 5) to base 3
-12220
244 (base 9) to base 2
11001010
Convert -10100 (base 2) to base 11.
-19
What is 1001 (base 2) in base 10?
9
6 (base 7) to base 8
6
What is -30 (base 13) in base 12?
-33
What is 38 (base 12) in base 6?
112
What is 100 (base 2) in base 12?
4
Convert 1 (base 8) to base 6.
1
-133 (base 4) to base 3
-1011
-31 (base 12) to base 4
-211
26 (base 12) to base 11
28
Convert -112 (base 5) to base 11.
-2a
d (base 14) to base 9
14
Convert 78 (base 9) to base 11.
65
What is -2 (base 9) in base 14?
-2
What is -40 (base 8) in base 6?
-52
1315 (base 6) to base 8
517
-3 (base 13) to base 2
-11
What is -2001 (base 3) in base 7?
-106
What is -23 (base 16) in base 4?
-203
Convert -21 (base 5) to base 15.
-b
What is -30 (base 4) in base 10?
-12
Convert -4 (base 15) to base 11.
-4
Convert -68 (base 16) to base 13.
-80
Convert -10 (base 11) to base 15.
-b
What is 5 (base 10) in base 2?
101
What is 3 (base 7) in base 12?
3
What is 6 (base 11) in base 7?
6
What is 110011 (base 2) in base 12?
43
-2 (base 15) to base 13
-2
1 (base 10) to base 5
1
Convert -5 (base 9) to base 13.
-5
Convert 36 (base 9) to base 7.
45
1 (base 16) to base 15
1
Convert -1210 (base 3) to base 12.
-40
Convert -100 (base 3) to base 14.
-9
1 (base 15) to base 2
1
What is 17 (base 12) in base 2?
10011
What is 25 (base 9) in base 10?
23
Convert -1 (base 11) to base 10.
-1
Convert 7 (base 10) to base 8.
7
1442 (base 6) to base 4
12002
Convert -3e (base 16) to base 8.
-76
39 (base 11) to base 6
110
What is -102 (base 7) in base 14?
-39
-6 (base 11) to base 7
-6
-10 (base 11) to base 15
-b
11 (base 9) to base 14
a
What is 15a (base 15) in base 10?
310
33 (base 8) to base 13
21
Convert -2 (base 12) to base 3.
-2
Convert -4 (base 9) to base 16.
-4
1c (base 13) to base 16
19
2 (base 11) to base 15
2
What is 95 (base 13) in base 8?
172
Convert 54 (base 16) to base 12.
70
Convert 3b (base 15) to base 13.
44
Convert -11 (base 5) to base 11.
-6
-26 (base 12) to base 2
-11110
Convert -1052 (base 6) to base 3.
-100012
213 (base 8) to base 16
8b
1 (base 14) to base 15
1
What is 11 (base 3) in base 14?
4
Convert -3 (base 4) to base 7.
-3
Convert -11 (base 6) to base 4.
-13
Convert 14 (base 13) to base 16.
11
Convert 1 (base 5) to base 7.
1
-3a (base 11) to base 14
-31
-2 (base 4) to base 10
-2
-112 (base 3) to base 9
-15
-210 (base 3) to base 5
-41
What is -1 (base 6) in base 8?
-1
Convert -9 (base 15) to base 5.
-14
-4 (base 10) to base 16
-4
-1c (base 13) to base 2
-11001
What is -200 (base 5) in base 2?
-110010
Convert 1 (base 10) to base 3.
1
-15 (base 7) to base 15
-c
63 (base 14) to base 5
322
Convert 96 (base 16) to base 7.
303
What is 2 (base 6) in base 12?
2
Convert 2 (base 4) to base 2.
10
What is 112 (base 3) in base 5?
24
1110010 (base 2) to base 15
79
-47 (base 12) to base 13
-43
10 (base 5) to base 3
12
What is -42 (base 5) in base 12?
-1a
101001101 (base 2) to base 9
410
-7 (base 9) to base 7
-10
Convert 1 (base 13) to base 6.
1
What is 10b (base 14) in base 2?
11001111
What is c3 (base 13) in base 9?
186
What is -11 (base 4) in base 14?
-5
-1c (base 13) to base 9
-27
What is 5 (base 12) in base 6?
5
What is -3 (base 11) in base 3?
-10
Convert -1 (base 8) to base 10.
-1
What is 1b (base 16) in base 12?
23
What is 120220 (base 3) in base 10?
429
-1 (base 3) to base 15
-1
Convert 41 (base 12) to base 3.
1211
What is 12 (base 7) in base 11?
9
Convert -e (base 16) to base 13.
-11
What is -22 (base 3) in base 9?
-8
-43 (base 13) to base 15
-3a
-1 (base 16) to base 9
-1
8 (base 10) to base 9
8
What is 2 (base 9) in base 8?
2
Convert -21201 (base 3) to base 16.
-d0
Convert -10 (base 2) to base 3.
-2
What is 101010 (base 2) in base 11?
39
-5 (base 15) to base 16
-5
f (base 16) to base 13
12
3 (base 13) to base 16
3
Convert -1 (base 5) to base 13.
-1
What is 3b (base 13) in base 12?
42
Convert -2000 (base 4) to base 11.
-107
What is 14 (base 6) in base 8?
12
What is -10 (base 10) in base 11?
-a
Convert 11 (base 5) to base 2.
110
Convert -1110 (base 3) to base 11.
-36
What is 2e (base 15) in base 14?
32
What is -251 (base 11) in base 14?
-174
What is -125 (base 6) in base 12?
-45
15 (base 6) to base 15
b
What is 15 (base 9) in base 6?
22
-13 (base 11) to base 12
-12
What is -21 (base 3) in base 5?
-12
Convert -88 (base 14) to base 7.
-231
-5 (base 7) to base 3
-12
What is 7 (base 14) in base 16?
7
What is -7 (base 12) in base 10?
-7
-6 (base 12) to base 9
-6
-2020 (base 3) to base 8
-74
What is -29 (base 15) in base 5?
-124
Convert 22 (base 4) to base 13.
a
-464 (base 8) to base 13
-1a9
Convert -6 (base 11) to base 13.
-6
What is 7b (base 15) in base 10?
116
Convert -a (base 11) to base 16.
-a
What is -110012 (base 3) in base 11?
-27a
0 (base 2) to base 13
0
21 (base 14) to base 8
35
-7 (base 11) to base 16
-7
What is 1 (base 8) in base 4?
1
4 (base 7) to base 6
4
What is 5 (base 16) in base 12?
5
What 